)?
-58
Let l(y) = -633*y - 90515. What is l(-143)?
4
Let o(u) = -220*u - 1369. Calculate o(-10).
831
Let w(a) = -9*a**2 + 1826*a + 189. Calculate w(203).
-14
Let d(v) = -1740510*v - 1740514. Determine d(-1).
-4
Let v(b) = -20*b**2 - 3587*b + 63. Calculate v(-179).
1316
Let b(d) = 40*d**2 + 7519*d - 263. What is b(-188)?
-75
Let f(s) = s**3 - 5*s**2 - 788*s + 1577. Calculate f(2).
-11
Let f(x) = -3258485*x + 42360310. Determine f(13).
5
Let d(j) = -12*j**2 + 697*j - 5685. Calculate d(10).
85
Let s(b) = 24*b**2 - 305*b + 2396. Give s(8).
1492
Let u(d) = 5*d**3 + 174*d**2 - 708*d - 23526. Determine u(-35).
29
Let t(s) = -36*s**3 - 7*s**2 - 20*s - 20. What is t(-2)?
280
Let f(j) = -131*j + 8246. Give f(67).
-531
Let v(p) = 341*p - 5168. Give v(21).
1993
Let h(w) = -16*w**2 + 175*w + 52. Determine h(14).
-634
Let y(h) = -975*h**3 - 3*h**2 - 49*h - 46. What is y(-1)?
975
Let y(q) = 25*q**2 + 609*q - 625. Calculate y(1).
9
Let p(q) = q**3 + 23*q**2 + 242*q + 1272. What is p(-12)?
-48
Let r(h) = -45349*h + 4988377. Calculate r(110).
-13
Let k(d) = d**2 - 1009*d + 161183. Give k(810).
-7
Let f(w) = -w**3 - 163*w**2 + 666*w - 76. Determine f(-167).
258
Let r(w) = 5*w**2 + 1079*w - 4300. Calculate r(4).
96
Let l(m) = 230*m + 7540. Give l(-33).
-50
Let r(g) = -2*g**2 + 326*g - 9651. What is r(39)?
21
Let i(m) = 15*m**3 + 281*m**2 - 88*m + 22. Calculate i(-19).
250
Let q(s) = 78*s**2 + 104*s - 335. What is q(4)?
1329
Let h(o) = 31*o**3 + o**2 + 458*o + 925. What is h(-2)?
-235
Let r(l) = -14197*l - 28390. Calculate r(-2).
4
Let s(q) = -q**3 + 262*q**2 + 10081*q - 5046. Determine s(296).
-14
Let w(q) = -3*q**2 - 295370*q - 1181516. What is w(-4)?
-84
Let c(z) = -17190*z - 104548. Determine c(-6).
-1408
Let u(l) = -l**3 - 117*l**2 - 1350*l + 34991. Determine u(-100).
-9
Let o(x) = 192*x - 98985. Calculate o(516).
87
Let h(f) = 51479*f - 462633. Calculate h(9).
678
Let i(s) = -2895*s - 3843. Give i(-2).
1947
Let w(s) = 6806*s + 34119. Give w(-5).
89
Let k(o) = -3*o**3 - 26*o**2 + 105*o + 115. Calculate k(-12).
295
Let w(v) = 1932*v - 40712. Determine w(21).
-140
Let q(a) = -8*a**3 + 1384*a**2 - 26*a + 4510. Determine q(173).
12
Let i(c) = 4*c**3 + 350*c**2 - 484*c + 4445. Determine i(-89).
-5
Let m(z) = 24813*z - 2010084. What is m(81)?
-231
Let g(y) = 3*y**2 - 20*y + 81. Calculate g(18).
693
Let f(b) = -b**2 + 3528*b - 80665. Give f(23).
-50
Let v(n) = n**3 - 606*n**2 + 16222*n - 21983. Determine v(578).
-19
Let v(q) = -755*q - 1916. Give v(-4).
1104
Let p(x) = -55505*x - 4. Determine p(0).
-4
Let u(a) = 96521*a + 482599. What is u(-5)?
-6
Let f(v) = -1096*v - 777. Give f(-1).
319
Let n(m) = m**3 - 34*m**2 + 17*m + 539. What is n(33)?
11
Let j(a) = -a**2 + 798*a + 15682. Determine j(-19).
159
Let w(g) = -2*g**3 + 40*g**2 + 54950*g - 1098999. What is w(20)?
1
Let j(h) = -2*h**3 - 181*h**2 - 3854*h - 407. Determine j(-34).
1
Let l(i) = -i**3 + 13*i**2 + 1314*i + 365. Calculate l(-31).
1915
Let n(h) = 6*h**3 + 2465*h**2 + 16975*h + 110. Determine n(-7).
12
Let a(m) = m**3 - 116*m**2 + 551*m - 425. Calculate a(4).
-13
Let u(m) = m**2 + 13663*m - 1667865. Give u(121).
-1
Let f(m) = 8*m**2 + 62*m + 49. Calculate f(-13).
595
Let a(c) = 72825*c - 509982. Give a(7).
-207
Let h(s) = -s**3 + 199*s**2 - 586*s - 260. Calculate h(196).
132
Let m(l) = 3*l**2 + 96*l - 1116. What is m(-44)?
468
Let f(y) = -11*y**3 - 4*y**2 + 808*y - 1602. Determine f(2).
-90
Let f(d) = 144718*d - 3039117. Give f(21).
-39
Let u(p) = -12*p**3 + 310*p**2 + 77*p - 934. What is u(26)?
-284
Let g(d) = 8*d**2 - 1524*d + 5245. Calculate g(187).
9
Let p(l) = l**3 + l**2 - 97*l - 12. Give p(8).
-212
Let w(b) = -360*b + 31. Calculate w(4).
-1409
Let r(h) = -5309*h + 1598005. Determine r(301).
-4
Let c(t) = 3*t**2 + 27*t - 1926. Give c(21).
-36
Let q(c) = c**3 + 292*c**2 + 644*c - 64414. Give q(-289).
33
Let c(f) = f**3 - 23*f**2 + 93*f - 91. Calculate c(3).
8
Let h(l) = -2*l**3 - 96*l**2 + 221*l + 6071. Determine h(-49).
44
Let h(z) = -7*z**2 + 228*z - 3. Calculate h(32).
125
Let l(p) = 129*p**2 - 755*p + 762. Give l(1).
136
Let j(h) = 41473*h + 663703. What is j(-16)?
135
Let r(x) = -3593*x**2 - 1164136*x - 1300. Give r(-324).
-4
Let f(g) = -542*g + 99705. What is f(185)?
-565
Let d(c) = 3*c**2 - 1905*c + 9450. Determine d(5).
0
Let n(i) = -i**3 + 6*i**2 - 1001*i + 7979. Give n(8).
-157
Let u(r) = 11*r**2 + 59*r + 143. Calculate u(-3).
65
Let g(y) = -19*y**2 + 851*y + 1748. Calculate g(45).
1568
Let s(h) = -h**3 + 340*h**2 + 48*h - 16146. Determine s(340).
174
Let q(r) = 636*r - 131618. Calculate q(207).
34
Let p(w) = 6057*w + 108995. Determine p(-18).
-31
Let n(p) = p**3 + 24*p**2 - 600*p - 14477. What is n(-25)?
-102
Let c(i) = i**3 + 23*i**2 - 84*i - 1372. Calculate c(-23).
560
Let w(x) = -3452292*x - 24166030. Calculate w(-7).
14
Let k(c) = -36*c**3 - 15947*c**2 + 450*c + 3062. Calculate k(-443).
-39
Let q(a) = -4111*a**2 + 94543*a + 180. Determine q(23).
-50
Let n(c) = 3*c**3 - 87*c**2 + 283*c + 1857. Give n(24).
9
Let g(d) = 2*d**3 - 71*d**2 + 45*d - 373. Determine g(35).
-23
Let s(i) = 27*i**2 - 1570*i + 4464. Calculate s(3).
-3
Let h(u) = u**2 - 115*u + 2845. Calculate h(78).
-41
Let b(w) = 611*w**2 + 1040*w + 3. Determine b(1).
1654
Let d(g) = g**3 + 48*g**2 - 1759*g - 84431. Calculate d(-48).
1
Let h(y) = -9630*y - 1088171. What is h(-113)?
19
Let u(r) = -r**2 + 126*r - 3052. Calculate u(22).
-764
Let h(b) = -8*b**3 - 8*b**2 - 13*b - 3. Determine h(-1).
10
Let w(f) = 4*f**2 - 774*f + 5296. Determine w(7).
74
Let o(i) = 8673*i + 34166. Calculate o(-4).
-526
Let p(g) = 34*g**2 - 8004*g + 11209. Give p(234).
-23
Let z(f) = -2*f**3 - 8*f**2 - 16*f - 107. What is z(-5)?
23
Let t(d) = -7*d**2 - 1475*d + 102322. Give t(55).
22
Let l(j) = 343*j - 28350. Give l(78).
-1596
Let n(w) = 12099*w + 459369. Calculate n(-38).
-393
Let k(t) = -2*t**3 + 398*t**2 + 806*t - 378. Calculate k(201).
24
Let s(w) = 1049*w - 99665. Give s(95).
-10
Let f(b) = 9666*b - 9220. Calculate f(1).
446
Let x(v) = 5379*v + 48421. Determine x(-9).
10
Let t(p) = -102505*p - 1742433. Give t(-17).
152
Let r(b) = b**3 + 1467*b**2 + 267102*b - 5. Determine r(-213).
-5
Let r(n) = 5*n**2 - 58*n - 14008. Give r(59).
-25
Let s(x) = x**3 + 785*x**2 + 2418*x + 56596. What is s(-782)?
292
Let d(a) = 2*a**3 + 389*a**2 - 986*a - 107. Give d(-197).
90
Let s(h) = 25*h**2 - 1002*h + 3612. What is s(4)?
4
Let p(b) = 2*b**3 - 1031*b**2 + 1586*b + 941. What is p(2)?
5
Let s(o) = -71*o**2 - 563*o - 287. Give s(-8).
-327
Let b(o) = o**2 + 12725*o - 1308523. Give b(102).
-169
Let w(g) = -g**3 - 14*g**2 + 2017*g - 6040. What is w(3)?
-142
Let p(b) = -b**2 + 1242*b + 52634. Determine p(-41).
31
Let u(t) = t**3 - 7*t**2 - 1084*t + 903. What is u(-30)?
123
Let n(v) = 19693*v - 137236. What is n(7)?
615
Let d(n) = n**3 + 161*n**2 - 647*n - 22954. Determine d(-164).
2466
Let c(b) = -433*b + 18718. Give c(43).
99
Let i(j) = -6*j**3 - 5*j**2 + 72*j + 4. Calculate i(-7).
1313
Let m(f) = 14*f**3 - 1011*f**2 + 237*f - 116. Give m(72).
1396
Let c(p) = -p**3 + 1287*p**2 - 26629*p + 54437. Give c(1266).
-1
Let p(b) = -121*b + 28315. What is p(232)?
243
Let i(t) = -83*t**2 - 34446*t - 406. Give i(-415).
9
Let f(n) = 243*n + 4116. Calculate f(-16).
228
Let x(i) = 4*i**2 + 1007*i + 10745. Calculate x(-241).
382
Let g(x) = 94*x - 2239. Determine g(10).
-1299
Let p(k) = -2*k**2 + 112*k - 1560. Determine p(25).
-10
Let d(i) = -i**3 + 135*i**2 + 273*i - 95. Give d(137).
-232
Let q(p) = -1251244*p - 3753726. What is q(-3)?
6
Let l(k) = 12534*k + 1479033. Give l(-118).
21
Let j(w) = 137*w - 3538. Calculate j(30).
572
Let d(j) = -347*j - 50389. Calculate d(-145).
-74
Let n(w) = 552*w - 17225. Determine n(31).
-113
Let c(m) = -297*m**2 + 1099*m + 399. Calculate c(4).
43
Let p(o) = -115*o**3 - 95*o**2 - 99*o - 2. What is p(-1)?
117
Let v(c) = -148*c**2 - 427*c - 407. Calculate v(-1).
-128
Let f(t) = -76*t**2 + 188*t - 189. Calculate f(1).
-77
Let z(v) = 31*v**2 - 23966*v - 21680. Determine z(774).
-8
Let c(x) = -29*x**2 + 3118*x + 1510. Calculate c(108).
-2
Let u(v) = 3*v**2 - 68*v - 76050. What is u(171)?
45
Let b(k) = -146*k**2 - 10547*k - 78. What is b(-72)?
2442
Let q(b) = 197*b + 2425. What is q(-12)?
61
Let u(v) = 15801*v - 600435. Determine u(38).
3
Let p(l) = l**2 